tors of p.
2, 5, 13
Let u be (-1 - 1)*2*3. Let y be 6/(-4)*u/18. Suppose 10 = g - y. List the prime factors of g.
11
Let v(w) = 10*w + 2. List the prime factors of v(2).
2, 11
Suppose -4*f = -3*b - 170, 6*b = 2*b + 8. List the prime factors of f.
2, 11
Suppose 0 = 4*h - 4*r - 8, 0 = -2*h - 0*r - 2*r + 8. Let n = 6 + -4. Suppose -s = -h*c - n, -s - c + 0 = -2. What are the prime factors of s?
2
Let j(g) = -1 - 7 + 3 - 1 + 2*g. What are the prime factors of j(5)?
2
Let l = 26 - -18. What are the prime factors of l?
2, 11
What are the prime factors of (3 - (-231)/(-9))/((-8)/12)?
2, 17
Let c = -8 + 13. Suppose 0 = c*t - 110 + 10. What are the prime factors of t?
2, 5
Let b = 60 + 202. List the prime factors of b.
2, 131
Let j(f) = -2*f - 8. Let o be j(-7). Let a be ((-4)/o)/((-5)/(-30)). What are the prime factors of 19 - 1*(a - -3)?
2, 5
Let n be -3*(-18)/(-1)*-1. Suppose -n = -4*y - v - v, 2*v - 40 = -3*y. List the prime factors of y.
2, 7
Suppose 0*w - 5*w + 175 = -s, -2*w - 5*s = -70. List the prime factors of w.
5, 7
Let g = 43 + -29. List the prime factors of (-4)/((-1)/(g/4)).
2, 7
Let g be (-2)/(-8) + (-7)/(-4). Let k be (-1 - (-18)/g) + -2. Let h = 2 + k. List the prime factors of h.
2
Let m(r) be the second derivative of -r**5/20 + r**4/3 - r**3/6 + r**2/2 + 2*r. Let f be m(2). Let y = 13 - f. What are the prime factors of y?
2, 3
Let v(w) = 7*w**3 - 12*w**2 + w + 5. Let t(c) = -13*c**3 + 23*c**2 - 2*c - 9. Let a(f) = -6*t(f) - 11*v(f). What are the prime factors of a(6)?
5
Let b(w) = w**2 + w - 9. Let g be b(0). Let i = 6 + g. Let u(z) = 2*z**2 + 5*z + 3. What are the prime factors of u(i)?
2, 3
Suppose -3*o = -130 - 8. Let z = -28 + o. Suppose 0 = 4*a - 7*a + z. List the prime factors of a.
2, 3
Let v(x) be the third derivative of -x**4/24 + x**3/3 - x**2. List the prime factors of v(-5).
7
Let v = 137 + -59. What are the prime factors of v?
2, 3, 13
Let u(i) = i**3 - 2*i + 2. Let s be u(2). Suppose 3 = -z - 2*q + s*q, 3*z = 3*q - 9. Let m(g) = -2*g - 1. List the prime factors of m(z).
5
Suppose 29 = b - 19. What are the prime factors of b?
2, 3
What are the prime factors of (-1)/(-3)*-1*-5*9?
3, 5
Let r be (-1065)/(-4) + 4/(-16). List the prime factors of (-4)/(-10) - r/(-35).
2
What are the prime factors of (-57)/(-4) - ((-30)/(-24))/5?
2, 7
Let v = -19 + 34. List the prime factors of v.
3, 5
Suppose 9*m + 155 = 14*m. List the prime factors of m.
31
Let d = -11 + 17. Let w be (d/(-4))/(9/12). Let a = 10 + w. List the prime factors of a.
2
Let g = -22 + 82. What are the prime factors of g?
2, 3, 5
Let d be 2/(((-6)/4)/(-3)). Suppose x = d*p + 9, -5*x + 3*x + p + 11 = 0. What are the prime factors of x?
5
Let j(p) = -p**3 - 2*p**2 + 4*p + 1. Let x be j(-3). Let s be ((-21)/x)/(6/8). Suppose -37 - s = -3*h. List the prime factors of h.
17
Let b = -63 + 119. List the prime factors of b.
2, 7
Let c(a) = -a**2 + 3*a + 6. Let s be c(5). What are the prime factors of 14/s*(-4)/7?
2
List the prime factors of -3 - (37 + 4)*-1.
2, 19
Suppose -6*l + 26 = -70. What are the prime factors of l?
2
Suppose 0 = -2*f - 3*f. Let v(y) = 24*y**3 + 2*y**2 - 2*y + 1. Let o be v(1). Suppose f = -4*n - 1 + o. What are the prime factors of n?
2, 3
Suppose -5 = -5*r, 5*o + 4*r - 1265 = -1. List the prime factors of o.
2, 3, 7
Suppose -4*d + 8 = -d - 2*t, -3*d + 3*t + 12 = 0. Suppose d = -5*y + 8*y. Suppose -70 = -5*v - y. List the prime factors of v.
2, 7
Let b(j) = -6*j + 12. What are the prime factors of b(-11)?
2, 3, 13
Let b(y) = y**3 - 7*y**2 + 7*y + 5. List the prime factors of b(7).
2, 3
Suppose 4*r = r - 18. What are the prime factors of r*1*2/(-6)?
2
Suppose 54 = 2*i + i. What are the prime factors of i?
2, 3
Let o be (-2)/((-1)/4*2). Suppose q + 19 = u + o*q, 2*u = -2*q + 46. What are the prime factors of u?
5
Let t(v) = v**3 + 7*v**2 - 9*v + 8. Let n = -20 + 28. Suppose -c + 0*c = n. List the prime factors of t(c).
2
Let z(g) = 9*g + 6. Let d be z(5). Suppose 3*h = 144 - d. What are the prime factors of h?
31
Let z(i) = 2*i**2 + i**2 - i - i - 2*i**2 - 2. Let d be z(-2). Suppose 0 = -4*r + 3*r + d. What are the prime factors of r?
2, 3
Let w(c) = -18*c + 24. What are the prime factors of w(-4)?
2, 3
Suppose -5*y + 149 = 3*u, -3*y + 243 = 2*u + 3*u. What are the prime factors of u?
2, 3
Let h(j) = -6*j**2 - 10*j - 15. Let s(z) = 5*z**2 + 10*z + 14. Let n(t) = -4*h(t) - 5*s(t). Let b be 1*(0 + 2 - 9). What are the prime factors of n(b)?
11
Let y be 5 - -1 - -1*2. Let n(i) = -i**3 + 7*i**2 + 11*i - 8. What are the prime factors of n(y)?
2
Suppose a - 55 = 4*s, 4*a - s - s = 164. List the prime factors of a.
3, 13
Let q = 97 - 56. List the prime factors of q.
41
Let g be 9/4*-4*3. Let n = -9 - g. List the prime factors of n.
2, 3
Suppose -3*m + 6 + 3 = 0. Suppose -l + m*l - 27 = -y, -y + 42 = 3*l. What are the prime factors of l?
3, 5
Suppose t + 2 + 0 = 0. Let p be -3 - t/((-6)/33). Let q = p - -23. What are the prime factors of q?
3
Suppose -z + 439 - 93 = -5*w, -3*w = 4*z - 1292. What are the prime factors of z?
2, 163
Suppose 0 = 3*s + 3, -k - s + 3 = 2. Suppose k*q - 4*q + 22 = 0. List the prime factors of q.
11
Suppose 0*u = -5*u + 150. Let o = u + -9. List the prime factors of o.
3, 7
Suppose 3*d = -2*d. Suppose 0*l + 3*j = l + 3, l - 2*j + 2 = d. Suppose u + 2*g + 3*g - 25 = l, -2*u - 4*g + 38 = 0. List the prime factors of u.
3, 5
Let m = -3 - -3. What are the prime factors of 9 + 1 - (m + 1)?
3
Let u = -11 + 19. Let i(c) = c**3 - 7*c**2 - 7*c + 4. List the prime factors of i(u).
2, 3
What are the prime factors of ((-75)/30)/(1/(-134))?
5, 67
Suppose -d + 15 = 4*d. Suppose 3*w - 4*v = -2*w + 20, 0 = 5*w + 3*v + 15. Suppose -2*t - 3*z + 9 = w, -3*t - d*z = -2*z - 31. List the prime factors of t.
2, 3
Suppose 26 = -3*y - 5*h + 103, 0 = 5*y + 3*h - 123. List the prime factors of y.
2, 3
List the prime factors of (-150 + 0)*(-4)/10.
2, 3, 5
Suppose -4*c + c + 129 = 0. What are the prime factors of c?
43
Suppose 0 = -2*t + t + 22. What are the prime factors of t?
2, 11
Suppose v + v = 128. List the prime factors of v.
2
Let r = -24 + 44. What are the prime factors of r?
2, 5
Let g(f) = -f**3 + 4*f**2 - f - 1. Let b(s) = s + 9. Let j be b(-6). Suppose 0 = 3*w - j*n + 6, 0 = -2*w + 7*w + 2*n - 25. List the prime factors of g(w).
5
Let j(a) = 3*a + 12. List the prime factors of j(7).
3, 11
Let y(r) = -r**3 + 10*r**2 + 2*r - 15. Let x be y(10). Suppose -3*l = -s + 5*s - 84, x*l + 34 = 3*s. What are the prime factors of s?
2, 3
Suppose q = 6*q. Suppose q = -2*d - 5*u + 45, 7 - 163 = -5*d + 2*u. List the prime factors of d.
2, 3, 5
Let y(l) = l**3 - 7*l**2 + 4*l - 14. What are the prime factors of y(8)?
2, 41
Let z = 16 - -26. Suppose -p + n + z = 0, -p - 4*p - 2*n = -182. List the prime factors of p.
2, 19
Let m = 5 - 2. Let w be -3 - -3*(2 - -7). Suppose t - m*t = -w. What are the prime factors of t?
2, 3
Let j(c) = -2*c**3 + c + 1. Let h(q) = -q**2 + 5*q - 5. Let i be (6/4)/(6/16). Let k be h(i). What are the prime factors of j(k)?
2
Suppose -16*b + 14*b + 386 = 0. What are the prime factors of b?
193
Let r(k) = 2*k + 67. What are the prime factors of r(0)?
67
Suppose -3*x + 7 = -k - 50, -45 = -3*x - 3*k. List the prime factors of (-60)/9*x/(-15).
2
Let y(h) = 2*h + 4. Let t be y(-5). Let g = t + 8. List the prime factors of g.
2
Let w = 15 + -3. Let l = w + -3. List the prime factors of l.
3
Let r(b) = b + 4. Let y be r(-2). Suppose l = -y*l. Suppose l*k - 2*k + 5*d + 34 = 0, 5*d + 13 = -k. List the prime factors of k.
7
Suppose 9*i - 21*i + 2268 = 0. List the prime factors of i.
3, 7
Let t = -54 + 96. What are the prime factors of t?
2, 3, 7
Suppose 5*w - 3*m - 115 = 0, 2*w + w - 69 = 4*m. Suppose 2*s = w + 43. List the prime factors of s.
3, 11
Suppose -64 = 4*w - 2*a, 5*a - 34 = -w + 2*w. Let j = w + 24. Let x(q) = q**2 - 8*q - 13. List the prime factors of x(j).
7
List the prime factors of 15/(-6)*(-2 - 24).
5, 13
Let s(l) = -6*l + 1. Let y(c) = c - 1. Let r(n) = -s(n) + 2*y(n). Let v = 11 + -9. List the prime factors of r(v).
13
Let r = -274 - -707. What are the prime factors of r?
433
Suppose -m - 1 = -3. Suppose 0 = m*u + u - 9. Suppose 0 = -l - u*l + 28. What are the prime factors of l?
7
Suppose 2*g - y - 5 = -0*y, -3*g - y + 5 = 0. Let 